 + 4*q + 11. Let p(l) = 4*b(l) - 3*n(l). Suppose -5*w = 4 + 6. What is p(w)?
-5
Let b be 7/56 + 284/32 - 2. Let f(k) = -k + 17. What is f(b)?
10
Let k = 16 - 16. Suppose 4*h - 9 = 7. Let d(g) = -h*g**2 + 5 + 5*g**2 + 3 - g**3. What is d(k)?
8
Let c be 1/(6/(-5) - -1). Let z(t) = -t**3 - 10*t**2 - t - 5. Let k be z(-10). Let m(v) = -v - 2 - 8 + k - 2*v. Give m(c).
10
Let t be (2*4/(-32))/(3/(-60)). Let x(p) = 3*p - 4. Calculate x(t).
11
Let i(y) = -3*y**2 + 3*y + 4. Let p be i(3). Let m = -13 - p. Let g(f) = m + 4*f + 2 + 6 - 5*f. Calculate g(5).
4
Let w(n) = 4*n**3 - 5*n**2 + 7*n - 5. Let o = -77 + 74. Let z(r) = -5*r**3 + 5*r**2 - 7*r + 5. Let q(h) = o*z(h) - 4*w(h). Determine q(4).
-7
Let p(q) be the third derivative of q**6/120 - q**5/10 + 5*q**4/24 - 5*q**3/6 + 109*q**2 - 1. What is p(5)?
-5
Let i(x) = x + 5. Let z be (-5 - -4)*13 + 1. Give i(z).
-7
Let j be (-120)/14 + 56/98. Let r(l) = -l - 8. Calculate r(j).
0
Suppose 3*t - 2 = -4*i, -4*t - i - 1 = 5. Let l(x) = 4*x**2 + 5*x + 1. Give l(t).
7
Let j(b) be the second derivative of 0 + 5/2*b**3 - 1/2*b**2 - 2*b. What is j(-1)?
-16
Let o(z) = 8*z**2 - 11 + 3 - 10*z**2 - z**3 - 10*z**2 + 12*z. Calculate o(-13).
5
Let m(o) be the second derivative of 7*o**3/3 - o**2 + 150*o. What is m(3)?
40
Let c(i) = 2*i - 7. Let q(a) = 5*a + 17. Let p(t) = 3*c(t) + q(t). What is p(2)?
18
Let p(d) = -d**3 - 9*d**2 + d + 4. Suppose 5*g - 4*a + 49 = 0, -3*g = a - 2*a + 28. Determine p(g).
-5
Let l be 0 - (25/9 + (-26)/(-117)). Let s(y) = -y**2 + 2*y - 2. Determine s(l).
-17
Suppose -20 = 4*c, -5*c + 19 = -4*g - 0*c. Let r(x) = 5*x + 8. Let k(j) = j**2 - 24*j - 41. Let i(d) = g*r(d) - 2*k(d). Determine i(-4).
-10
Let p(h) be the second derivative of h**4/12 + h**3/2 - h**2/2 + h. Let a(m) = 7*m - 122. Let v be a(17). What is p(v)?
-1
Let q(b) = 5 - 5 + 65*b - 81*b. What is q(1)?
-16
Let l = -19 + 39. Let t(g) = l - 20 - 9*g. Calculate t(-1).
9
Let q(h) = -h**3 - 5*h**2 - 7*h - 6. Let j be q(-5). Suppose j*y + 1 = 28*y. Let o(i) = -13*i**3 - i**2 + i + 1. Give o(y).
12
Suppose 5*m - 15 = 4*u + u, -12 = -4*m - 2*u. Let i be -2 + (-1)/(m/(-9)). Let p(l) be the first derivative of 3*l**3 + l**2/2 - 317. Give p(i).
10
Let o(m) = 5*m**2 - m + 1. Let v be (-1)/(((-20)/(-4))/(-35)). Suppose -5*i = 4*g + 6 + 12, 0 = i + 4*g - 6. Let x = v + i. What is o(x)?
5
Let c(i) be the second derivative of i**3 - 17*i + 5*i - 2*i**3. Calculate c(1).
-6
Suppose u + 3*f - 9 = 0, 0*u - 9 = -u + 3*f. Let x be u/(-12) - (-2)/(-8). Let k(l) = 7*l - 1. Determine k(x).
-8
Suppose -18*p + 15*p + 6 = 0. Let a(m) = 2 + p*m**3 - 11*m**2 - m**3 + 14*m**2 - 2*m - m. Suppose 3*f - 3*o = -27, f + o + 0 = 1. Determine a(f).
-2
Let t(c) be the first derivative of -c**4/4 - 11*c**3/3 - 9*c**2/2 + 13*c + 63. Calculate t(-10).
3
Let m(h) = -h**2 + 2*h + 3. Let a(v) = -6*v**2 + 11*v + 16. Let k(f) = 2*a(f) - 11*m(f). Let x be 3/2 - 186/12. Let w = x + 16. What is k(w)?
-5
Let f(x) = -57*x + 4. Let r(z) = 59*z - 5. Let g(s) = -4*f(s) - 3*r(s). Calculate g(1).
50
Suppose 10*x + 14 = 4. Let t(c) be the third derivative of 5*c**4/24 - c**3/6 + 3*c**2. Determine t(x).
-6
Let k(h) = h - 14. Let i(g) = g - 14. Let b(n) = 3*i(n) - 4*k(n). Suppose 5*t + 37 = 4*q + 2*t, -3*q - 3*t + 33 = 0. Calculate b(q).
4
Let z(l) be the third derivative of l**5/60 + 5*l**3/3 + 49*l**2 + 2. Calculate z(0).
10
Let t(s) = s**2 - 6*s - 1. Let m(i) = -2*i - 1. Let q(w) = 4*m(w) - t(w). Let o be -3*3/(7 - -2). Let p be (3 + 0)/(0 + o). Determine q(p).
-6
Suppose 0 = 4*b + 3*n - n + 8, 3*b - 2*n = 8. Let h(w) = 2*w**2 - 3 + b*w - 4*w + 3*w**2 - 4*w**2. What is h(6)?
9
Let p = -857 + 851. Let f(o) = o - 3*o + 5 + 3*o. Let i be f(p). Let k(w) = 7*w**3 + w**2 - w - 1. Give k(i).
-6
Suppose -4*t - 81 = -49. Let c(b) = -b**2 - 9*b + 1. What is c(t)?
9
Let i = -1054 - -1058. Let q(l) = -l**3 + 2*l**2 + 4*l - 2. Calculate q(i).
-18
Let x = 237 + -246. Suppose -5*r - 43 - 12 = 0. Let i(z) = -9*z + 15. Let a(d) = -5*d + 7. Let k(n) = r*a(n) + 6*i(n). Determine k(x).
4
Let s(t) = t**2 - 6*t - 11. Let k be s(8). Let q(u) = -3*u - 13. Let d(w) = -5*w - 20. Let r(b) = k*d(b) - 8*q(b). Determine r(0).
4
Let o(d) = -d**3 + 2*d**2 - 2*d - 10. Let w(p) = p**2 + 28*p - 167. Let r be w(-33). Determine o(r).
10
Let r(j) = 2*j**2 + 6*j + 6. Let z(u) = -3*u**2 - 7*u - 6. Let k(t) = 4*r(t) + 3*z(t). Suppose -19 = -3*s - b, 4*s = s + b + 11. Calculate k(s).
-4
Let g(k) = 3*k + 9. Let i be g(-3). Suppose i = -4*y - 5*s - 34, -2*y = -2*s + 5*s + 18. Let x(d) = 3*d - 5. Give x(y).
-23
Let x(y) be the third derivative of -y**4/3 - y**2. Let t be 8*(-1)/(-2)*7. Let k = t + -27. Determine x(k).
-8
Let l(n) = n**3 - n**2 + n + 15. Let o = 114 + -114. Give l(o).
15
Let k(y) = -y**3 + 5*y**2 + 4*y + 3. Let b(h) = 7*h + 9. Let s be b(-4). Let w(m) = -m**2 - 16*m + 63. Let g be w(s). Determine k(g).
-9
Let r(h) be the third derivative of -h**4/4 + h**3/2 - 528*h**2. Give r(-1).
9
Let w = 1398 - 1400. Let k(a) = -12*a**2 - 1. What is k(w)?
-49
Let y(b) be the third derivative of -b**4/24 + 5*b**3/6 - 11*b**2. Suppose -33 = -6*a + 9. Determine y(a).
-2
Let m(u) = 4*u**2 + 58*u - 31. Let h be m(-15). Let i(z) = -30*z**3 + 2*z**2 + z. What is i(h)?
31
Suppose 42 = 1289*v - 1296*v. Let h(q) = q**3 + 7*q**2 + 7*q + 6. What is h(v)?
0
Let p(j) = -6*j**2 + j**2 - 5 - 4*j**3 + 3*j**3 + 5*j. Suppose 0 = -5*l + 5*q - 45, -2*l + 0*l - 2*q - 6 = 0. Calculate p(l).
1
Let r = -33 - -122. Let f(k) = -r*k + 47*k + 44*k. Give f(-3).
-6
Let m(w) = -w**3 - 16*w**2 + w + 10. Let b = -958 + 942. Calculate m(b).
-6
Let w(j) be the second derivative of j**5/20 - j**4/4 + j**3/2 - 3*j**2/2 - 57*j + 4. Determine w(3).
6
Let z(f) = -4*f - 27. Let a be z(-8). Let i(m) = a + 552*m**2 - 556*m**2 + m - 5*m + m**3. Calculate i(4).
-11
Let o(p) = -p**2 - 9*p - 6. Let c = 25 + -17. Let u(b) = -3*b + 16. Let v be u(c). Give o(v).
2
Let q(w) = w - 3. Suppose -42*o + 128 = -10*o. Determine q(o).
1
Let h(s) = -s**2 - s + 2. Let g = 52 + 0. Let w = 50 - g. Calculate h(w).
0
Let n(t) = -7*t**2 + 5*t + 16. Let z(i) = 6*i**2 - 5*i - 13. Let r(x) = -5*n(x) - 6*z(x). What is r(3)?
4
Suppose r - 24 = -2*w, -8 = -13*w + 11*w. Let g(b) = b**3 - 16*b**2 + b - 16. What is g(r)?
0
Let m(o) = -o**3 + 41*o**2 + o - 39. Let h be m(41). Let k(i) = 3 + i**2 - 5*i**2 - 3*i - 1 + 8*i**2 - i**3. Determine k(h).
4
Let o(k) = -k**3 + 5*k**2 - 4*k + 4. Let l(n) = -n**2 - n + 2. Let x be l(-2). Let c be (-5 + 6)*(1 - -2). Suppose c*t - t - 8 = x. What is o(t)?
4
Suppose -6*x - 7 = -25. Let p(f) = -3 - 7*f + 3 + x. Calculate p(2).
-11
Let j(g) = -984*g**3 + 2*g**2 + 2*g**2 - 2 + 985*g**3. Calculate j(-4).
-2
Suppose -23 - 70 = -3*y. Suppose 16 = 27*g - y*g. Let b(d) = 4*d + 6. Give b(g).
-10
Suppose 4*i = -z, -2*z = -3*i + 2*z. Let b be (-8)/40 + (-2)/(-10). Let n(d) = 5 + 3 + b + i + 2*d. Give n(-6).
-4
Let m(f) = -f**3 + 257*f**2 - 14*f + 0 - 2 - 252*f**2 + 22*f. Determine m(6).
10
Let u(o) = -5*o + 2 + 1 + 6*o. Let m = -49 + 52. Calculate u(m).
6
Let c(i) = i + 2. Let v = 22 - -68. Let f = v - 84. Calculate c(f).
8
Suppose 317*c = 324*c + 28. Let t(m) = -m**3 - 6*m**2 - 5*m - 3. Give t(c).
-15
Let r(h) be the first derivative of -h**4/4 + 5*h**3/3 + 4*h**2 - 7*h - 76. Calculate r(6).
5
Let u(j) be the first derivative of -j**3/3 + 3*j**2 - 7*j - 78. Give u(5).
-2
Suppose 820*w = 840*w + 40. Suppose -18 = -4*z + 3*r, z - 11 = -2*z + r. Let i(f) = f**z + 3*f**2 + 0*f**3 + 2 - 4*f - 5. Determine i(w).
9
Let h(l) = l**3 - 7*l**2 + 6. Let y be ((-18)/(-4))/((-120)/(-32) + -3). What is h(y)?
-30
Let b(s) = 3*s + 89. Let p be b(-28). Let r(l) = 4*l - 7. What is r(p)?
13
Let w(z) = z**3 + 10*z**2 - 5*z - 11. Let c(j) = j**3 + 9*j**2 - 4*j - 9. Let r(b) = 5*c(b) - 4*w(b). Calculate r(-4).
15
Let m(b) = -b**3 + 4*b**2 + b - 1. Suppose 0 = -10*y + 258 + 72. Suppose 0*d = -11*d + y. Calculate m(d).
11
Suppose p - 6 = 2*x - 0*p, x - 3*p = -13. Let b(f) be the first derivative of f**6/360 - 4*f**3/3 + 2. Let k(h) be the third derivative of b(h). What is k(x)?
1
Suppose 6 = -2*l + 4*l - 2*w, -3*l + 11 = -2*w. Let i(q) = 12 + 2*q - 2*q**3 - l*q**2 + q**3 - 6. Give i(-5).
-4
Let d be (-2)/(-3)*36/8. Let s(f) = f + 1. Let j(c) = -c. Let g(q) = -q. Let m(x) = -g(x) + 2*j(x). Let u(a) = d